{"id":21,"date":"2017-07-31T20:11:21","date_gmt":"2017-07-31T17:11:21","guid":{"rendered":"http:\/\/tampereadventtisrk.fi\/?page_id=21"},"modified":"2025-06-13T13:25:23","modified_gmt":"2025-06-13T10:25:23","slug":"etusivuosio","status":"publish","type":"page","link":"https:\/\/tampereadventtisrk.fi\/?page_id=21","title":{"rendered":"Seurakunta"},"content":{"rendered":"<p>Tampereen adventtiseurakuntana ankkuroimme uskomme Raamattuun, Rakkauden Jumalaan ja pelastukseen Jeesuksessa. Rukous on voima matkallamme. Yksityiskohtaisempiin l\u00f6yt\u00f6ihin Raamatusta voit tutustua <a href=\"https:\/\/www.adventist.fi\/uskon-piirteet\/\">t\u00e4\u00e4lt\u00e4<\/a>.<\/p>\n<p>Adventtiseurakuntien tavoin tutkimme joka lauantai (sapatti) Raamattua yhdess\u00e4. Jumalanpalveluksemme koostuu rukouksesta, Jumalan ylist\u00e4misest\u00e4 lauluin ja todistuksin sek\u00e4 saarnahetkest\u00e4 Raamatun \u00e4\u00e4rell\u00e4. Jokainen on tervetullut mukaan!<\/p>\n<p>Tampereen adventtiseurakunta perustettiin 1912. Nyky\u00e4\u00e4n seurakuntaperheeseen kuuluu noin 200 henkil\u00f6\u00e4.<\/p>\n","protected":false},"excerpt":{"rendered":"<p>Tampereen adventtiseurakuntana ankkuroimme uskomme Raamattuun, Rakkauden Jumalaan ja pelastukseen Jeesuksessa. Rukous on voima matkallamme. Yksityiskohtaisempiin l\u00f6yt\u00f6ihin Raamatusta voit tutustua t\u00e4\u00e4lt\u00e4. Adventtiseurakuntien tavoin tutkimme joka lauantai (sapatti) Raamattua yhdess\u00e4. Jumalanpalveluksemme koostuu rukouksesta, Jumalan ylist\u00e4misest\u00e4 lauluin ja todistuksin sek\u00e4 saarnahetkest\u00e4 Raamatun \u00e4\u00e4rell\u00e4. Jokainen on tervetullut mukaan! Tampereen adventtiseurakunta perustettiin 1912. Nyky\u00e4\u00e4n seurakuntaperheeseen kuuluu noin 200 henkil\u00f6\u00e4.<\/p>\n","protected":false},"author":1,"featured_media":124,"parent":0,"menu_order":0,"comment_status":"closed","ping_status":"closed","template":"","meta":[],"class_list":["post-21","page","type-page","status-publish","has-post-thumbnail","hentry"],"_links":{"self":[{"href":"https:\/\/tampereadventtisrk.fi\/index.php?rest_route=\/wp\/v2\/pages\/21","targetHints":{"allow":["GET"]}}],"collection":[{"href":"https:\/\/tampereadventtisrk.fi\/index.php?rest_route=\/wp\/v2\/pages"}],"about":[{"href":"https:\/\/tampereadventtisrk.fi\/index.php?rest_route=\/wp\/v2\/types\/page"}],"author":[{"embeddable":true,"href":"https:\/\/tampereadventtisrk.fi\/index.php?rest_route=\/wp\/v2\/users\/1"}],"replies":[{"embeddable":true,"href":"https:\/\/tampereadventtisrk.fi\/index.php?rest_route=%2Fwp%2Fv2%2Fcomments&post=21"}],"version-history":[{"count":8,"href":"https:\/\/tampereadventtisrk.fi\/index.php?rest_route=\/wp\/v2\/pages\/21\/revisions"}],"predecessor-version":[{"id":361,"href":"https:\/\/tampereadventtisrk.fi\/index.php?rest_route=\/wp\/v2\/pages\/21\/revisions\/361"}],"wp:featuredmedia":[{"embeddable":true,"href":"https:\/\/tampereadventtisrk.fi\/index.php?rest_route=\/wp\/v2\/media\/124"}],"wp:attachment":[{"href":"https:\/\/tampereadventtisrk.fi\/index.php?rest_route=%2Fwp%2Fv2%2Fmedia&parent=21"}],"curies":[{"name":"wp","href":"https:\/\/api.w.org\/{rel}","templated":true}]}}