{"id":274,"date":"2021-09-23T16:56:10","date_gmt":"2021-09-23T13:56:10","guid":{"rendered":"http:\/\/tampereadventtisrk.fi\/?page_id=274"},"modified":"2022-01-15T20:29:49","modified_gmt":"2022-01-15T18:29:49","slug":"valittu-elokuvaillat","status":"publish","type":"page","link":"https:\/\/tampereadventtisrk.fi\/?page_id=274","title":{"rendered":"Nettisaarnat"},"content":{"rendered":"\n<p>T\u00e4st\u00e4 p\u00e4\u00e4set katsomaan ohjelmaa Ilom\u00e4entien adventtikirkosta. Klikkaa oikean yl\u00e4laidan kolmea viivaa, niin n\u00e4et kaikki videot listana. Ylimm\u00e4isen\u00e4 voi olla ohjelma, joka on vasta tulossa! Uudet videot sapattisin (lauantai) klo 11.20 tiet\u00e4miss\u00e4.<\/p>\n\n\n<iframe loading=\"lazy\"  id=\"_ytid_15245\"  width=\"525\" height=\"295\"  data-origwidth=\"525\" data-origheight=\"295\" src=\"https:\/\/www.youtube.com\/embed\/?enablejsapi=1&#038;listType=playlist&#038;list=PLe2X8YqpN-fgUIctNzccupqofZ2vxlyMT&#038;autoplay=0&#038;cc_load_policy=0&#038;cc_lang_pref=&#038;iv_load_policy=1&#038;loop=0&#038;modestbranding=0&#038;rel=1&#038;fs=1&#038;playsinline=0&#038;autohide=2&#038;theme=dark&#038;color=red&#038;controls=1&#038;\" class=\"__youtube_prefs__  no-lazyload\" title=\"YouTube player\"  allow=\"fullscreen; accelerometer; autoplay; clipboard-write; encrypted-media; gyroscope; picture-in-picture\" allowfullscreen data-no-lazy=\"1\" data-skipgform_ajax_framebjll=\"\"><\/iframe>\n\n\n<p><\/p>\n","protected":false},"excerpt":{"rendered":"<p>T\u00e4st\u00e4 p\u00e4\u00e4set katsomaan ohjelmaa Ilom\u00e4entien adventtikirkosta. Klikkaa oikean yl\u00e4laidan kolmea viivaa, niin n\u00e4et kaikki videot listana. Ylimm\u00e4isen\u00e4 voi olla ohjelma, joka on vasta tulossa! Uudet videot sapattisin (lauantai) klo 11.20 tiet\u00e4miss\u00e4.<\/p>\n","protected":false},"author":1,"featured_media":0,"parent":0,"menu_order":0,"comment_status":"closed","ping_status":"closed","template":"","meta":[],"class_list":["post-274","page","type-page","status-publish","hentry"],"_links":{"self":[{"href":"https:\/\/tampereadventtisrk.fi\/index.php?rest_route=\/wp\/v2\/pages\/274","targetHints":{"allow":["GET"]}}],"collection":[{"href":"https:\/\/tampereadventtisrk.fi\/index.php?rest_route=\/wp\/v2\/pages"}],"about":[{"href":"https:\/\/tampereadventtisrk.fi\/index.php?rest_route=\/wp\/v2\/types\/page"}],"author":[{"embeddable":true,"href":"https:\/\/tampereadventtisrk.fi\/index.php?rest_route=\/wp\/v2\/users\/1"}],"replies":[{"embeddable":true,"href":"https:\/\/tampereadventtisrk.fi\/index.php?rest_route=%2Fwp%2Fv2%2Fcomments&post=274"}],"version-history":[{"count":2,"href":"https:\/\/tampereadventtisrk.fi\/index.php?rest_route=\/wp\/v2\/pages\/274\/revisions"}],"predecessor-version":[{"id":290,"href":"https:\/\/tampereadventtisrk.fi\/index.php?rest_route=\/wp\/v2\/pages\/274\/revisions\/290"}],"wp:attachment":[{"href":"https:\/\/tampereadventtisrk.fi\/index.php?rest_route=%2Fwp%2Fv2%2Fmedia&parent=274"}],"curies":[{"name":"wp","href":"https:\/\/api.w.org\/{rel}","templated":true}]}}